{"id":127,"date":"2010-10-26T14:31:34","date_gmt":"2010-10-26T12:31:34","guid":{"rendered":"http:\/\/kirikulugu.ee\/v2\/"},"modified":"2025-06-16T15:25:11","modified_gmt":"2025-06-16T15:25:11","slug":"organisatsioon","status":"publish","type":"page","link":"https:\/\/kirikulugu.ee\/","title":{"rendered":"Seltsist"},"content":{"rendered":"<p>K\u00f5ige laiemalt m\u00f5istetuna on kirikulugu kristliku religiooni ajalugu, mis uurib kristluse kujunemist, muutumisi ja arengut. Ehkki nimetus viitab pigem kiriku kui institutsiooni ajaloole, on tegu oluliselt laiema distsipliiniga, mis on l\u00e4bi p\u00f5imunud nii dogmadeloo ja teoloogia ajaloo, kuid ka ideedeajaloo, poliitikaajaloo jpt usuteaduse ja ajaloo alamdistsipliinidega.<\/p>\n<p>Eesti kirikulugu h\u00f5lmab praeguseks ajaliselt ligikaudu tuhandet aastat. Selle perioodi jooksul on kirikud m\u00e4nginud v\u00e4ga erinevaid ja isegi vastuolulisi rolle, olles sajandite v\u00e4ltel igap\u00e4evase elu lahutamatuks osaks. Alates 20. sajandist, mil \u00fcha enam r\u00e4\u00e4gitakse kirikute rolli v\u00e4henemisest, on kirikuloo uurimisobjektiks kirikute tegevus uuenenud olukorras (nt religioonivaenulikul N\u00f5ukogude perioodil). T\u00e4nap\u00e4evast usulist olukorda k\u00e4sitledes on olulisel kohal erinevad sekulariseerumise ehk ilmalikustumisega seonduvad k\u00fcsimused.<\/p>\n<p>Eesti Kirikuloo Selts \u00fchendab akadeemilise seltsina kirikuloolasi ja kirikuloost huvitatuid ning pakub v\u00f5imalust omavaheliseks suhtluseks, organiseerib temaatilisi \u00fcritusi ning tegeleb kirikuloo-alase teabe populariseerimisega.<\/p>\n<p>Vt ka meediakajastust seltsi 2014. aasta kevadel toimunud ettekandep\u00e4eva kohta: <a href=\"http:\/\/www.eestikirik.ee\/koguduste-lood-on-osa-ajalootervikust\/\">&#8220;Koguduste lood on osa ajalootervikust&#8221;<\/a>.<\/p>\n<p>&nbsp;<\/p>\n<p>Eesti Kirikuloo Seltsi tegemisi saab j\u00e4lgida Facebook&#8217;is: <a href=\"https:\/\/www.facebook.com\/kirikulugu\">(5) Facebook<\/a><\/p>\n","protected":false},"excerpt":{"rendered":"<p>K\u00f5ige laiemalt m\u00f5istetuna on kirikulugu kristliku religiooni ajalugu, mis uurib kristluse kujunemist, muutumisi ja arengut. Ehkki nimetus viitab pigem kiriku kui institutsiooni ajaloole, on tegu oluliselt laiema distsipliiniga, mis on l\u00e4bi p\u00f5imunud nii dogmadeloo ja teoloogia ajaloo, kuid ka ideedeajaloo, &hellip; <a href=\"https:\/\/kirikulugu.ee\/\">J\u00e4tka lugemist <span class=\"meta-nav\">&rarr;<\/span><\/a><\/p>\n","protected":false},"author":1,"featured_media":0,"parent":0,"menu_order":0,"comment_status":"closed","ping_status":"closed","template":"","meta":{"footnotes":""},"_links":{"self":[{"href":"https:\/\/kirikulugu.ee\/index.php?rest_route=\/wp\/v2\/pages\/127"}],"collection":[{"href":"https:\/\/kirikulugu.ee\/index.php?rest_route=\/wp\/v2\/pages"}],"about":[{"href":"https:\/\/kirikulugu.ee\/index.php?rest_route=\/wp\/v2\/types\/page"}],"author":[{"embeddable":true,"href":"https:\/\/kirikulugu.ee\/index.php?rest_route=\/wp\/v2\/users\/1"}],"replies":[{"embeddable":true,"href":"https:\/\/kirikulugu.ee\/index.php?rest_route=%2Fwp%2Fv2%2Fcomments&post=127"}],"version-history":[{"count":6,"href":"https:\/\/kirikulugu.ee\/index.php?rest_route=\/wp\/v2\/pages\/127\/revisions"}],"predecessor-version":[{"id":378,"href":"https:\/\/kirikulugu.ee\/index.php?rest_route=\/wp\/v2\/pages\/127\/revisions\/378"}],"wp:attachment":[{"href":"https:\/\/kirikulugu.ee\/index.php?rest_route=%2Fwp%2Fv2%2Fmedia&parent=127"}],"curies":[{"name":"wp","href":"https:\/\/api.w.org\/{rel}","templated":true}]}}